 + 14. Let v(z) = 7*q(z) + 5*x(z). Give v(0).
-7
Suppose g - 7 = 1. Let h(y) = 1 + 2*y + 10 - 13 + g. Let v be 1*3*8/(-6). Calculate h(v).
-2
Let u = -1 - 1. Let n(m) = m**3 + m + 1. Let y(s) be the first derivative of -s**4/4 + 4*s**3/3 - 4*s**2 + 45. Let o(i) = u*n(i) - y(i). What is o(-5)?
-7
Let z(g) = -g. Let i(a) = a**2 - 9*a + 1. Let r(k) = i(k) - 6*z(k). Let s = -15 - -15. Let m be ((-24)/(-20))/(s + 3/10). Give r(m).
5
Let o(q) be the third derivative of -q**4/24 - 11*q**3/6 - 29*q**2. What is o(-12)?
1
Let x(c) = -c + c - 4 + 7 - 9*c - 6. Determine x(-1).
6
Let b(c) = 38*c - 2 + 5 - 3 - 36*c. What is b(6)?
12
Let t be 2/10*5/6. Let m(l) be the second derivative of 8*l + 0 - t*l**3 - 2*l**2. Calculate m(0).
-4
Suppose 32 = 15*t - 7*t. Let z(n) = 5*n - 3. What is z(t)?
17
Let g = -8 - -21. Suppose 11*x = g*x + 6. Let q(d) = -4*d. Calculate q(x).
12
Let l(i) = i**2 + 3*i + 3. Let f(y) = -2*y**3 + 18*y**2 - 22*y + 47. Let k be f(8). Calculate l(k).
1
Suppose 180 = 4*c - 0*c. Let n be (15/c)/((-1)/(-102)). Let g = n - 31. Let q(y) = -y + 4. Determine q(g).
1
Let f(n) = 4*n**2 - 2. Let d(t) be the third derivative of -t**5/60 - t**4/24 - 6*t**2. Let g(o) = -2*d(o) - f(o). What is g(3)?
-10
Let l(k) be the first derivative of 47*k**2 - 5*k + 48*k**2 - 26 - 94*k**2. Calculate l(-4).
-13
Let y(i) be the third derivative of i**5/40 - i**4/24 - 13*i**3/6 + 6*i**2. Let a(n) be the first derivative of y(n). What is a(-6)?
-19
Let v(k) = -41*k + 24*k - 2*k + 23*k - 4. Calculate v(8).
28
Let v(p) = p**2 + 13*p + 13. Let c(q) = 7*q + 60. Let u be c(-10). Determine v(u).
-17
Let s(f) = -5 - 3*f + 2*f**2 + f**2 - 2*f**2. Let a = 700 - 495. Let c = -201 + a. What is s(c)?
-1
Let m(j) = 3*j + 114. Let n be m(-37). Let h(k) = -2*k**2 + 3*k - 5. Give h(n).
-14
Let p(d) = -7*d + 6. Let i(t) = t - 1. Let l(a) = -5*i(a) - p(a). Suppose 5*b + 3 = 3*m, 0 = m - b - 1 + 2. Determine l(m).
-9
Let x(t) = 11*t + 35. Let f be x(-3). Let r(s) = s**3 - 4*s**2 + 2*s + 2. Calculate r(f).
-2
Suppose -2*i + 7*i = 5, -2 = -v - 4*i. Let y(r) = -r**3 - 3*r - 1. What is y(v)?
13
Let y be (-3)/2*(-12)/9. Suppose -f - 3*c + 14 = 0, c - 3 - y = 0. Let g(o) be the second derivative of o**3 + 13*o. What is g(f)?
-6
Let y(o) = -730*o - 719*o - o**3 + 1447*o + 3*o**2. Calculate y(2).
0
Suppose y + 4*z = 8, 5*z = -3*y + 3 + 7. Suppose y*j + 2*j + 22 = 0. Let a be j/(-4) - 17/(-68). Let c(o) = -o**3 + 5*o**2 + o - 4. Give c(a).
17
Let m(c) = 20*c + 4*c**3 + 3 - 28*c - 7 - 5*c**3 - 9*c**2. Let r be m(-8). Let t(q) = -12 + 2*q**3 - 3*q**3 + 6 - 3*q**2 - 2*q - q**2. Determine t(r).
2
Suppose 2*c - 52 = 8. Suppose 36 = -c*t + 21*t. Let q(n) be the first derivative of n**3/3 + 5*n**2/2 + 6*n - 2. Give q(t).
2
Let x(d) = 3*d + 16. Let u(r) = 7*r + 33. Let l(h) = -2*u(h) + 5*x(h). Calculate l(-18).
-4
Suppose -20 - 10 = 15*t. Let o(j) = j + 1. What is o(t)?
-1
Suppose k + 2*k - 9 = 0. Let d(u) = -2*u**2 - 2*u**2 + 6*u**2 + u**3 - 3*u - 2 - 4*u**2. Give d(k).
-2
Let p(c) = c + 8. Let v be p(-4). Suppose 17*a - 2 = 16*a. Let d(i) = -23*i - i**a + 45*i - 22*i. Calculate d(v).
-16
Let n(b) be the first derivative of -b**4/4 - 2*b**3/3 + 9*b**2/2 - b + 135. What is n(-4)?
-5
Let w(v) = 5*v**3 + 2*v**2 + 2*v + 1. Suppose -3*o - 3 = -2*y, -o + 4 = -2*y + 1. Let a be ((-4)/(-6)*o)/2. What is w(a)?
-4
Let z(v) = 3*v - 4*v + 3 - 6*v + 3*v + 3*v. Let m be (-43)/(-5) - 2/(-5). Suppose -4*i = 37 - m. Calculate z(i).
10
Suppose -8 = -5*q + 3*q. Let k(s) = s**2 - 3*s - 4. Give k(q).
0
Suppose 8 = 215*m - 217*m. Let a(u) = 4*u**2 + 25 + u + u**3 - 25. Determine a(m).
-4
Let w(a) be the third derivative of -a**4/24 + 2*a**3 - 131*a**2 + 2. Let l be 12*((-6)/(-4) - 1). What is w(l)?
6
Let f = 7 - 6. Let i = f - 5. Let d(v) be the first derivative of v**4/4 + 5*v**3/3 + 5*v**2/2 + 5*v - 3. What is d(i)?
1
Let m(a) = -a**2 + 2*a + 5. Suppose -3*v - 2 = -3*z - 14, 4*z = 2*v - 8. Let f be (-6)/27 + v/18. Suppose 11*k - 9*k - 10 = f. Give m(k).
-10
Let t(x) = x**3 + 6*x**2 - 5*x + 9. Let a = -10 - -3. What is t(a)?
-5
Let d(f) be the first derivative of -3 - 3*f - f**3 + 3/2*f**2. Let n be 1 + 3 + 2*-1. What is d(n)?
-9
Let q(k) = 2*k - 13. Let b(c) = 5*c - 40. Let v(o) = 3*b(o) - 8*q(o). Let i = 260 + -260. What is v(i)?
-16
Let y(l) be the third derivative of 0*l - 3*l**2 - 1/8*l**4 + 1/6*l**3 + 0. Suppose 4*a - a = 3. Calculate y(a).
-2
Let o(l) = -33464 - 2*l**2 + 33465 - 19*l**3 - l**3. Calculate o(1).
-21
Let g(h) = 2*h**2 + h**2 - h - 7 + 3*h**2 - h**3 + 2. Suppose -14 = -6*d + 16. Determine g(d).
15
Let x(n) = n**3 - 5*n**2 + 6*n - 1. Let o be 0/(-1*(1 + -3)). Let m(j) = j**3 - 15*j - 2. Let t be m(-3). Suppose o*a - t = -4*a. Determine x(a).
7
Let j = 5 - 0. Let p(w) = -w - 6. Let s(u) = -2*u - 13. Let g(c) = 2*c**2 - 13*c - 9. Let z be g(7). Let t(d) = j*p(d) + z*s(d). What is t(-2)?
-2
Let h(t) = t**3 - 8*t**2 + 7*t - 5. Suppose -15*i - 288 = -63*i. Give h(i).
-35
Let p(b) = -b + 63 - 25 - 39. Calculate p(9).
-10
Suppose 0 = -2*y - y. Suppose -3*l + 5*v + 16 = -0*v, 2*l + 2*v = 0. Let i(h) = -h**3 - h**l - h**3 + 1 + h**3 + 0*h**3. Give i(y).
1
Let v(u) = -u**3 + 2*u**2 - 8. Let i(x) = -x - 2. Let q(j) = -3*i(j) + v(j). Suppose -9 = 2*p - 5*p. Determine q(p).
-2
Let d(j) = -j**3 - 16*j**2 - j - 21. Let b be d(-16). Let z(n) = -9*n**2 + 4*n + 6. Let p(w) = -11*w**2 + 4*w + 7. Let r(l) = 5*p(l) - 6*z(l). Give r(b).
-6
Let w(h) = 5*h**3 - h**2 - h + 2. Let f(z) = -11*z**3 + z**2 + 2*z - 5. Let o(u) = -6*f(u) - 13*w(u). Calculate o(-7).
-3
Let w(o) = o**3 - o**2 - 2*o + 2. Suppose -2*m + 3*k + 10 = 0, 25 = 5*m - 3*k + 2*k. Suppose 7*v - 12 = 3*v. Let g = m - v. Determine w(g).
2
Let q(t) = 0*t**2 + 100 + 132 + t**3 - 9*t**2 + 18*t - 235. What is q(6)?
-3
Let o(d) be the second derivative of d**4/12 + d**3/2 - d**2 + 19*d. Determine o(-6).
16
Let g(i) = -3*i**2 + i - 5. Let a(v) = -4*v**2 + 2*v - 5. Let z(q) = -4*a(q) + 5*g(q). Let c(n) = n + 2. Let k be c(2). Let w(b) = b. Let s be w(k). Give z(s).
-1
Let u(l) = 28*l + 50. Let j be u(-2). Let o(n) be the third derivative of -n**4/12 - 7*n**3/6 - 3*n**2. Give o(j).
5
Let z(t) = -8*t + 3. Let m(o) = o. Let r(w) = -5*m(w) - z(w). Let f = -17 + 65. Let j be -4*2*(-18)/f. Calculate r(j).
6
Suppose 3*i = -4*s - 4 + 5, 5*i - 13 = -s. Let k(j) = 1 - 2252*j**2 + 2250*j**2 - 2*j**3 - 2*j + 3*j**3 - 3. What is k(s)?
-14
Let z(o) = 15*o + 4. Let j(y) = -75*y - 21. Let i(r) = -2*j(r) - 11*z(r). Give i(2).
-32
Suppose 5 - 27 = -2*m. Let r(l) = l + 5 - m + 3. Determine r(4).
1
Let g(y) = 2*y - 1. Suppose -1 = 6*j + 5. What is g(j)?
-3
Let i = -200 + 246. Let x = 52 - i. Let p(k) be the second derivative of k**5/20 - 7*k**4/12 + k**3/2 + k**2/2 - k. What is p(x)?
-17
Let f(p) = p + 1. Let z(d) = -6*d - 33. Let u(n) = 3*n + 17. Let t(q) = -11*u(q) - 6*z(q). Let i be t(-4). Determine f(i).
0
Let p(f) = f**2 - 6*f. Let r(t) = -t**3 - 3*t**2 + 3*t - 1. Let l be r(-3). Let k = -8 - l. Suppose 1 = k*y + 3, -3*y = 4*a - 21. What is p(a)?
0
Let z(h) = -4*h - 1. Let o = 86 - 45. Let c = -38 + o. What is z(c)?
-13
Suppose 0 = -3*y - 5*y + 24. Let x(q) = -5*q - 4. Let n(g) = -2*g - 2. Let l(b) = y*x(b) - 7*n(b). Calculate l(5).
-3
Let n(i) = i + 1. Suppose -o = 3*t - 1 - 9, -3*t - 5 = 4*o. What is n(t)?
6
Let v be (-4*9/(-24))/((-12)/24). Let r(l) be the second derivative of -5*l**3/6 + 2*l**2 - l. Determine r(v).
19
Let r(c) be the second derivative of c**5/20 - c**4/4 - 2*c**2 + c. Let i(f) = 9*f**2 + 2*f - 3. Let g be i(-3). Let x be 200/g + 2/9. What is r(x)?
-4
Let d(i) be the second derivative of -i**4/6 - 7*i**3/6 + 8*i**2 - 42*i. Let x be d(-5). Let q(p) = 6*p**2 + 3*p**2 - 3*p**2. Give q(x).
6
Let j(m) = 4*m**2. Let b be j(-1). Let i be (-3)/2*-1*2. Let h(a) = -35 + 5*a**2 + a**i + 28 + b*a + 2*a**2. Determine h(-6).
5
Let y be (-2 + (-25)/(-15))/((-1)/87). Let n = y - 36. Let b(t) be the second derivative of t**4/12 + 4*t**3/3 + 5*t**2 - t. Give b(n).
3
Let r(s) = -5*s + 7 - 6*s + 13*s**2 - s**3 - 21. Let t(y) = 2*y**2 - 3*y + 10. Let a be t(2). Give r(a).
-2
Let a(i) = -8*i - 5. Let u be a(-2). Let z = u + -5. Suppose 2*t - p = z, -5 = -3*t + 2*p + 6. Let k(y) = -12*y. Calculate k(t).
-12
Let r(n) = -1. Let v(c) = -c. Let m(s) = 5*r(s) - v(s). Let y be 72/15 + (-2)/(-